ppose q*p = -5*d - 0*p + 20, -5*p = -25. Determine s(d).
13
Let h(u) = u + 5. Let r = -16 + 10. Let g be h(r). Let d(a) = -8*a**3 - a**2 + 1. Give d(g).
8
Let f = -54 - -90. Suppose -6 = 6*b + f. Let m(t) = t**3 + 8*t**2 + 8*t. Determine m(b).
-7
Let r(q) = q**3. Let v be (8/16)/(-1*1/(-4)). Give r(v).
8
Let x(p) = -3*p - 5. Let d(q) = 2*q + 3. Let m(t) = -8*d(t) - 5*x(t). Give m(4).
-3
Let h(n) = n**2 + 4*n. Let y(m) = -m + 1. Let p(r) = h(r) - 2*y(r). Determine p(-6).
-2
Let v(w) = 2*w**2 - 2*w - 1. Let x be v(2). Let m(y) = -y - x + 1 + 0. Determine m(-4).
2
Let d = -9 + 17. Let b = d - 5. Let p(f) = -1 + 4 - f**2 - 2 + 4*f. Determine p(b).
4
Suppose 14 = -5*d + 3*i, d = 5*d + 3*i - 5. Let y = 10 + -6. Let k(l) = y*l + 0*l - l. Determine k(d).
-3
Let p(x) = x + 2. Let q(w) = w + 3. Let d be q(7). Suppose -o - 2*v = d, 33 = -3*o - 4*v + 1. Let r be (-3)/o + (-22)/(-8). Determine p(r).
5
Let t(h) = 10*h**2 - 3*h - 9*h**2 - 6 + 2 + 0. Give t(3).
-4
Let q = -4 + 9. Let y(i) = 6*i**2 + 2*i - 1. Let r be y(1). Let u(j) = 2 + 7*j**2 + j**2 - r*j**2 - 4*j. Calculate u(q).
7
Suppose -17 = -5*d + 4*d. Suppose 4*q = 4, 5*q = 3*w + 3 + d. Let u(x) = -36*x + 6 - 7 + 32*x - x**2. Determine u(w).
-6
Let i(u) = -1 - 3 + 1 + 9*u + 2. Give i(-1).
-10
Suppose 0 = 2*p + p + 3. Let a(l) be the third derivative of 0 + l**2 + 0*l**3 + 0*l**4 + 1/30*l**5 + 0*l. Give a(p).
2
Let t(n) = -n - 3. Suppose 7*z - 5*z + 6 = 0. Determine t(z).
0
Let j(f) = -3 + 0*f**2 + 0 - f**2 + 0*f - 2*f. Give j(-2).
-3
Let v(q) = -q. Let c(m) = m**3 - 7*m**2 - m + 8. Let t be c(7). Let y(l) = -l + 1. Let h(r) = t*y(r) - 2*v(r). Give h(-5).
-4
Let n(z) be the second derivative of 0 - 5/6*z**3 - 4*z - z**2. Calculate n(-2).
8
Let p(i) = -i - 10. Let w = -32 - -32. What is p(w)?
-10
Let s(z) = -3*z**2 - 3*z - 6. Let v(q) = -7*q**2 - 5*q - 13. Let n(t) = 5*s(t) - 2*v(t). Determine n(-6).
-10
Let d = 2 - 3. Let r(l) be the first derivative of 2*l**3 + l**2/2 + l - 33. Calculate r(d).
6
Suppose -v = 2*m - 8, 4*m + 5*v = 7 - 3. Let x(b) = -11*b + 3 - 11 + 14*b. Determine x(m).
10
Let a = -7 + 24. Let t(w) = 7*w**3 + w + 9. Let b(x) = 20*x**3 + 3*x + 26. Let l(k) = a*t(k) - 6*b(k). Give l(0).
-3
Let j(t) be the second derivative of -t**5/20 + 5*t**4/12 - t**3/2 - 2*t**2 - 2*t. Let r be (-10)/(-15) + 7/3. What is j(r)?
5
Let s(a) = a - 1. Suppose 0 = -y + 2 - 0. Suppose z = y*z + 2. Let c = 0 - z. What is s(c)?
1
Let x = 7 + -4. Let t(r) be the second derivative of 0 - 1/2*r**x - 2*r - 2*r**2. Determine t(-4).
8
Let d(t) = t**2 + 4*t - 7. Let y = 2 + -7. Let x = -1 + y. Calculate d(x).
5
Let g be 1 + 2 + (1 - 6). Let b(k) be the second derivative of 5*k**3/6 + 2*k**2 + 3*k. Let w(x) = -x - 1. Let z(j) = g*b(j) - 9*w(j). Calculate z(-3).
4
Let u(a) = -a**2 - a + 1. Suppose -r - 11 = -2*y, -3*r = 2*y - 0*r - 7. Let i(z) = -6*z**2 - 11*z + 4. Let c(d) = y*u(d) - i(d). Give c(-6).
1
Suppose t = -2*b + 1 - 2, -5*t + 15 = 0. Let o(c) = c + 2 + 0*c + 0*c. Determine o(b).
0
Suppose 5*o + 2*z - z = 33, 3*o - z - 15 = 0. Let f be 1*-2 - (14 + -19). Let x(q) = -2 + 6 + o*q + f - q**2. Give x(6).
7
Suppose 10*p = 5*p - 65. Let s = -8 - p. Suppose -4*t - t = s. Let l(r) = 4*r**2 - 2*r - 1. What is l(t)?
5
Let u(t) = 2*t**3 + 0*t**3 - 2*t**2 - 3*t**3. Let r be (-12)/20 + 54/(-10). Let z = r - -4. Calculate u(z).
0
Suppose 2*l + 2*l = 0. Let b(r) = r - 1. Calculate b(l).
-1
Let s(q) = q**3 + 5*q**2 + 3*q + 6. Suppose 2*g - a - 3*a + 8 = 0, 16 = 2*g + 4*a. Suppose -g*z = z + 12. What is s(z)?
10
Let b(n) = n**3 + 2*n**2 + 2*n + 1. Suppose -c + 1 = -1. Let v = 1 - c. Determine b(v).
0
Let y(d) = -5*d**3 + 2*d + 13. Let c(w) = 4*w**3 - w**2 - 3*w - 12. Let g(p) = -6*c(p) - 5*y(p). Calculate g(-5).
-8
Let j(w) = -w**3 + w + 1. Let q = -4 - -2. Let p(v) = -3*v**3 + 6*v**2 - 3*v + 3. Let k(f) = q*j(f) + p(f). Let d = 9 - 4. Determine k(d).
1
Let x be (-4)/(-5)*10/4. Let d(a) = 0*a + a**3 - 7*a**x + 0*a**3 + 14*a**2 - 4 - a. Determine d(-7).
3
Let u = 36 + -39. Let v(q) = q**2 + 2*q - 1. Calculate v(u).
2
Let d(x) = x**2 + 7*x + 7. Let y be 8/36 - 4/18. Suppose y = 5*o - 0 + 30. Let w be (o + 8)/((-4)/10). What is d(w)?
-3
Let g(m) = 2*m**2 + 0*m**2 + 12*m - 9*m + 2 + 2*m**3. What is g(-2)?
-12
Let o(k) = k**2 + 3*k. Let m be 5 + 0/(-3*1). Suppose 0 = 4*s - m*s. Suppose -3*c - 9 = -s*c. Determine o(c).
0
Let c(a) be the first derivative of -a**4/12 + 5*a**3/6 + 4*a**2 - 3*a - 3. Let l(o) be the first derivative of c(o). What is l(7)?
-6
Let l(v) = v**2 - 8*v - 10. Let r(o) = o**3 - 10*o**2 + 16*o + 9. Let x be r(8). Give l(x).
-1
Let b(f) be the first derivative of f**2/2 - 14*f + 35. Calculate b(11).
-3
Let n(j) be the first derivative of j**3/3 + 6*j**2 + 12*j - 59. What is n(-8)?
-20
Let d(c) = 4*c - 1. Let q(a) = -7*a + 1. Let f(p) = 10*d(p) + 6*q(p). Give f(-6).
8
Let d(y) = -5*y**2 + 5 - 5 - y**3 - 2*y + 5. Let v(g) = -g - 9. Let t be v(-6). Let l be t/(-6) - (-18)/(-4). Calculate d(l).
-3
Let v(n) = 2*n + 1. Suppose 0*g - 6*g + 24 = 0. Let k(r) = 2*r. Let a(m) = g*v(m) - 5*k(m). Give a(5).
-6
Suppose 0 = -3*z - 0*z - 3. Let o(l) = -3*l - 4. Let q(c) = -2*c - 3. Let t(r) = -6*r - 8. Let d(w) = 7*q(w) - 2*t(w). Let p(h) = 4*d(h) - 5*o(h). Give p(z).
-7
Let n(u) = 3*u**2 - 3*u + 2. Let d(t) = t**2 + t + 1. Let m(h) = 2*d(h) - n(h). Give m(4).
4
Let y(t) = 2*t**3 - 3*t**2 + 3*t - 1. Let r be 2/(-6) + 10/(-6). Let c be ((-7)/r)/(-7)*-4. Give y(c).
9
Let v = 10 + -7. Let y = v - 0. Let f(d) = d**y + 5 - 4 + 4*d + 5*d**2 + 0. Give f(-3).
7
Let l be (-6)/(-21) + 164/14. Let n(q) = 5 - l + 5 + 4*q. Determine n(3).
10
Let q(p) = p**2 - 2*p - 5. Let j(b) be the third derivative of b**4/12 - 7*b**3/6 + 2*b**2. Let z be (-64)/(-10) - (-4)/(-10). Let r be j(z). Give q(r).
10
Suppose 5*x - 10 = 2*o, -2*x + 4 = -6*o + 3*o. Suppose -n = -2 - 3. Let f(h) = -2*h + 5. Let a(v) = v - 3. Let k(w) = n*a(w) + x*f(w). Determine k(0).
-5
Let i(w) = -w**3 - 3*w**2 - 2*w. Let v be 6/(-15) - 2/(-5). Suppose -3*l + v*l = 6. Calculate i(l).
0
Suppose -4 = 4*h - 0*h. Let g(q) = q**3 + q**2 + q + 1. Give g(h).
0
Let q = -12 + 14. Let v(w) = 2 + 1 + 3 - q*w. Give v(5).
-4
Let k(z) = 5*z - 12. Let t(u) = -3*u + 8. Let n(y) = 5*k(y) + 8*t(y). Give n(-6).
-2
Suppose 3*b + 1 = -11. Let m(a) be the second derivative of a**3/2 + 3*a**2 - 19*a. What is m(b)?
-6
Let x(h) be the third derivative of -7*h**5/20 + h**3/6 + 2*h**2. Determine x(1).
-20
Let g(r) = -2*r + 13. Let c = 4 + 5. Give g(c).
-5
Let w(b) = -b**3 + 8*b**2 - 5*b - 6. Suppose 56 - 18 = 4*o + 2*s, -s + 12 = o. Calculate w(o).
8
Let y(j) = 5*j**2 - 3*j - 5. Let d(n) = -6*n**2 + 4*n + 6. Let c(m) = 4*d(m) + 5*y(m). Calculate c(3).
11
Let n(z) = 4*z**2 + 13*z - 4. Let b(s) = 11*s**2 + 38*s - 5 + 5 - 12. Suppose -2*r - 24 = -6*r. Let o(i) = r*b(i) - 17*n(i). What is o(4)?
-8
Suppose 0 = w + 5*b - 19, -4*w - b + 17 = -6*w. Let q(a) = -a**3 - 5*a**2 + 7*a + 2. Determine q(w).
-4
Suppose 5*o - 4 - 1 = 0. Let i(m) = 3*m - 1. What is i(o)?
2
Let u(g) = 3 - 4 + 6*g + 2 - g. Let a = -5 - -3. What is u(a)?
-9
Let v be 2*(21/6 - 3). Let i(d) = -13*d + 1. Determine i(v).
-12
Suppose -z - 16 = 4*t, -3*t - 6 - 15 = 3*z. Let d be z*(3 + 2 + -4). Let w(n) = n - 2. Give w(d).
-6
Let y(s) be the third derivative of -s**4/12 - s**3/6 + 2*s**2. Calculate y(-1).
1
Let z(r) = r**2 + 5*r + 2. Suppose -3*d - 4*q + 18 = -q, -4*d + 2*q = 6. Let l(y) = y + 1. Let n(t) = d*z(t) + 3*l(t). What is n(-6)?
-7
Suppose -4*w - 24 = -4*q, 0 = -2*w + 2 - 10. Let z(g) = -g**2 - 1 + g**3 - 1 - g - g**2. Give z(q).
-4
Let f(g) = 7*g**2 - 4*g. Let k(r) = 14*r**2 - 8*r. Let c(o) = 9*f(o) - 4*k(o). Let a(m) = -6*m**2 + 3*m. Let t(w) = -6*a(w) - 5*c(w). What is t(-3)?
3
Let t(b) be the second derivative of b**5/20 - 5*b**4/12 - b**3/6 + 3*b**2/2 + b. Determine t(5).
-2
Suppose 2*j - 22 = 4*j - 5*i, j + 2*i = -2. Let n = j - -7. Let l(v) = 4*v - 2*v - 4*v. What is l(n)?
-2
Let r(h) = h**2 + 4. Let k be 0*5/20 + -3. Give r(k).
13
Suppose u = -2*u + 9. Suppose u*a - 4*a = 0. Let t(v) be the first derivative of v**2/2 + v - 2. Determine t(a).
1
Let u be 2/(-10) + 3/15. Let v(l) = -l - 1. Let a(i) = -1. Let s(t) = 2*a(t) - v(t). Determine s(u).
-1
Let i(o) = -o**3 - 4*o**2 + 4*o - 3. Let c be i(-5). Let g(r) = 2*r**3 - r**2 - 3*r +